23 + u. Suppose 0 = -3*q - q + 100. Calculate the remainder when q is divided by r.
4
Let j(s) = s**3 - 7*s**2 - 19*s + 16. Calculate the remainder when 18 is divided by j(9).
4
Let t(q) = 5*q**3 + q**2 - 2*q + 2. What is the remainder when 9 is divided by t(1)?
3
Let c = 18 + -24. What is the remainder when c + 2 + 26 + 2 is divided by 14?
10
Suppose 3*x - 2*g = 2*x + 100, 155 = 2*x + 5*g. What is the remainder when x is divided by 19?
14
Let k be -2*7 + (2 - 4). Let h be k/(-3) - 4/(-6). Let u(x) = -x**3 + 7*x**2 - 5*x - 1. Calculate the remainder when u(h) is divided by 2.
1
Let r = 8 + -5. Suppose r*c + 100 = x + 4*x, -95 = -5*x + 2*c. Let p(o) = 10*o**3 - o**2 - o + 1. Calculate the remainder when x is divided by p(1).
8
Suppose 3*w - 1 = 17. What is the remainder when 34 is divided by (w/5)/(30/225)?
7
What is the remainder when ((-744)/(-36))/((-4)/(-30)) is divided by 26?
25
Suppose 5*b - 77 = -t, 2*t + 343 = 7*t + 4*b. What is the remainder when t is divided by 1/2 - 66/(-4)?
16
Suppose -3*c - 5*y + 56 = 0, -3*y = -0*y + 6. Calculate the remainder when c is divided by 6.
4
Suppose 4*k - k = 24. Suppose 2*h + 6 = 0, 2*t + 4*h + 17 = 3*t. Calculate the remainder when k is divided by t.
3
Let f = 8 - 5. Suppose f*q + 7 = 34. What is the remainder when 24 is divided by q?
6
Suppose 2*j + k - 22 = 28, 4*j = 3*k + 80. Let t(f) = -5*f + 10. Calculate the remainder when t(-7) is divided by j.
22
Let t(u) = -u**3 + 5*u**2 + 8*u - 11. Calculate the remainder when 55 is divided by t(5).
26
Let l = 8 - -8. Calculate the remainder when 57 is divided by l.
9
Let y be 195/10 - 6/4. Suppose 2*z - y = -z. Calculate the remainder when z is divided by 4.
2
Suppose 47 = 8*o - 105. What is the remainder when o is divided by 9?
1
Let a = -31 + 48. Suppose -2*n - 46 = -o - 5, 4*o - 5*n - 176 = 0. Calculate the remainder when o is divided by a.
15
Let t = -5 + 7. Suppose -30 + t = -2*k. Let b = -13 - -21. Calculate the remainder when k is divided by b.
6
Let a be (2/(-5))/(1/(-10)). Suppose -g + 4*j = -20, 2*g - 3*j = -0*j + 20. Suppose 0 = g*h - a. What is the remainder when 2 is divided by h?
0
Let g(o) = o**3 + 6*o**2 - 3*o - 4. Let w be g(-9). What is the remainder when (18/4)/((-15)/w) is divided by 17?
15
Let c be (1 - 4)*1 - -3. Suppose c = 2*j, -4*j - 8 = f - 47. Suppose -2*g = 5*a - 78, -2*a + 3*a = g - f. What is the remainder when g is divided by 14?
11
What is the remainder when 10 is divided by -4 + 32/4 + 0?
2
Let h(m) = 9*m - 4. Let p be h(4). Suppose -2*v + v - 3*j = -p, 0 = -2*v - 4*j + 68. What is the remainder when (1 - 4)/(-6)*v is divided by 7?
5
Suppose -6*m + 526 = -44. What is the remainder when m is divided by 24?
23
Suppose 13*u - 30 = 8*u. What is the remainder when 16 is divided by u?
4
Let j(u) = -u**2 + u + 8. Let k be j(0). Suppose 0 = -3*h + 1 + k. Suppose -9 = -v - 3*a - a, h*a = 3. What is the remainder when 8 is divided by v?
3
Suppose 3*s - 27 = -2*i + 15, -4*s + 5*i = -56. What is the remainder when 50 is divided by s?
8
Suppose 0 = d + 2*d - 6. Suppose 63 = -d*v + v. What is the remainder when ((-4)/(-6))/((-3)/v) is divided by 8?
6
Calculate the remainder when 2/5 - 476/(-10) is divided by (50/(-75))/(2/(-75)).
23
Suppose 0*x + 8 = -4*x. Calculate the remainder when 85 is divided by (-92)/8*x - 1.
19
Suppose 4 = -4*f + 5*l - 12, -5*f - l = -9. Let p be 126/(-6) + -3*f. Calculate the remainder when (p/18)/(2/(-42)) is divided by 15.
13
Suppose -29*o = -22*o - 525. What is the remainder when o is divided by 22?
9
Suppose 2*j + 3*o = j + 32, 4*j = 3*o + 128. Calculate the remainder when 61 is divided by j.
29
Suppose 0*z = z + c - 7, 0 = -z + c + 9. Let m = 4 + z. What is the remainder when 46 is divided by m?
10
Let q(d) = -7*d + d**2 - 4*d**2 - 6 + d**2 + 4*d**2. What is the remainder when q(8) is divided by 17?
15
Suppose 0 = 4*u - 10 - 50. Calculate the remainder when (-3 + 8)*10 - 7 is divided by u.
13
Let h = 9 - 3. Calculate the remainder when 28 is divided by h.
4
Let t(a) = -a**3 - 8*a**2 - 9*a + 4. Suppose -77 + 72 = -o. What is the remainder when t(-7) is divided by o?
3
Let i = 4 + 7. Calculate the remainder when (1 + 30)/((-2)/(-2)) is divided by i.
9
Suppose 0 = -4*v + 5 - 1. Let q = 20 + -15. Suppose -7*a = -2*a - q. Calculate the remainder when v is divided by a.
0
Let c = -9 + 11. Calculate the remainder when 5 is divided by c.
1
Let s = -11 + 49. Calculate the remainder when s is divided by (-9)/((-135)/(-80))*(-6)/4.
6
Let u = 12 - 10. Let c be 2 + (-1 - 0) + 0. Let w = 3 - c. Calculate the remainder when u is divided by w.
0
Calculate the remainder when (-1)/((-6)/(-9) + -1)*35 is divided by 18.
15
Suppose r + 5*y = 4*y + 6, 0 = 2*y + 4. Suppose r*k - 47 = 41. Calculate the remainder when k is divided by (-64)/(-10) + 4/(-10).
5
Let p = 9 - 1. Let b be (-2 + 2/1)*-1. Calculate the remainder when -5 + p - (-34 - b) is divided by 10.
7
Suppose -g - 1 = -2*g. Suppose -t + 4*k = 2*k - g, 4*k = -12. Let z = 11 + t. Calculate the remainder when 16 is divided by z.
4
Suppose 99 = 3*s + 318. Let h = s - -105. What is the remainder when h is divided by 11?
10
Let h = 8 + 372. Let i = h + -224. Calculate the remainder when i/30 + 2/(-10) is divided by 2.
1
Calculate the remainder when (6 - 12/(-9))/((-2)/(-3)) is divided by 7.
4
Let i(f) = f**3 - 3*f**2 - 3*f - 4. Let a be ((-8)/(-3))/(2/3). Let o be i(a). Suppose -3*y + 45 = -o*y. What is the remainder when y is divided by 4?
3
Suppose 18 + 36 = 2*f. Calculate the remainder when f is divided by 15.
12
Let o be 0 + -3 + 6 + -4. Let g(b) = -19*b - 1. What is the remainder when g(o) is divided by 10?
8
Let y(o) = o + 2. Let b be y(2). Let p = 7 - b. Suppose 9 = p*g - 3. Calculate the remainder when 10 is divided by g.
2
Let t be (-1)/3 - 1130/(-15). Let p = -16 + t. What is the remainder when p is divided by 12?
11
Let d(b) = -2*b + 9. What is the remainder when d(-7) is divided by 13?
10
Suppose 3*c = 257 - 5. Suppose 2*s = 6*s - c. Calculate the remainder when s is divided by 11.
10
Calculate the remainder when -1 + 2 - -1 - (-96 + -6) is divided by 35.
34
Let y = 117 + -101. Calculate the remainder when y is divided by 6.
4
Suppose 3*p - 87 = -0*p. Let o = 50 - p. Suppose 5*l + 0*k - 5*k = 45, 3*k - 39 = -3*l. What is the remainder when o is divided by l?
10
Suppose 0 = -z + 2*z - 3. Let o(n) = n**3 - n**2 - 2. What is the remainder when z is divided by o(2)?
1
Let w(n) = -13*n**2 + 2*n + 1. Let j be w(2). Let m = j + 2. Let g = m - -82. Calculate the remainder when g is divided by 13.
11
Let v = 14 - 5. Suppose -v + 5 = -2*g. What is the remainder when ((-2)/g)/(5/(-65)) is divided by 7?
6
Suppose -2*n = -0*n - 30. Let p = -9 + n. What is the remainder when p is divided by 3?
0
Suppose 0*i + 20 = 4*i. Suppose -i*v + 26 = 2*j, -j + 0*j + 19 = 4*v. Calculate the remainder when 9 is divided by v.
1
Let b = 20 - 7. Calculate the remainder when 89 is divided by b.
11
Suppose 5*m - 47 = -3*x + 151, 68 = 2*m + 4*x. Let a be (m/35)/(4/10). Suppose 8*r - 60 = a*r. Calculate the remainder when 45 is divided by r.
9
Let i(y) = -2*y + 7. Suppose 3*g - 32 = 4*t, -3*g + 2 = 3*t - t. What is the remainder when 50 is divided by i(t)?
16
Suppose 7*r - 272 = -48. Calculate the remainder when r is divided by 17.
15
Let a = -52 - -54. Let i(o) = 4*o + o**2 + 0*o**2 + 2 - 2*o. Calculate the remainder when i(-2) is divided by a.
0
Suppose p - 93 = -2*p. Calculate the remainder when p is divided by 1 + 20/(-2 + 4).
9
Suppose 5*r - 3*m = 53, 3*m = -0*r - 3*r + 51. Calculate the remainder when 49 is divided by r.
10
Suppose 7*a - 2*a = -4*s + 89, 0 = -2*s + 2*a + 40. What is the remainder when ((-2)/3)/((-11)/((-10824)/(-16))) is divided by s?
20
Let v be ((-3)/2)/(6/(-8)). Suppose -4*c = -v*c - 38. What is the remainder when 56 is divided by c?
18
Let v(q) = -q**2 + 10*q + 3. Suppose 4*m - 3 - 35 = -3*d, 3*m + 4*d = 32. What is the remainder when v(m) is divided by 10?
9
Let x(n) = -n**2 - 6*n - 3. Let w(p) = 13*p**3 + 2*p**2 + p. Let j be w(-1). What is the remainder when x(-5) is divided by (1*-1)/(6/j)?
0
Let r be 10 + 6/(2 - -1). Suppose -r = -0*b - b. What is the remainder when 45 is divided by b?
9
Suppose -2*r = -7*g + 3*g - 44, -r = -g - 24. Calculate the remainder when r